tors of 3427.
23, 149
List the prime factors of 273.
3, 7, 13
What are the prime factors of 3585?
3, 5, 239
List the prime factors of 1371.
3, 457
What are the prime factors of 1960?
2, 5, 7
What are the prime factors of 600?
2, 3, 5
What are the prime factors of 13355?
5, 2671
What are the prime factors of 5282?
2, 19, 139
What are the prime factors of 3345?
3, 5, 223
What are the prime factors of 43021?
11, 3911
List the prime factors of 36843.
3, 12281
List the prime factors of 19765.
5, 59, 67
What are the prime factors of 666?
2, 3, 37
What are the prime factors of 33306?
2, 3, 7, 13, 61
What are the prime factors of 4468?
2, 1117
What are the prime factors of 641?
641
List the prime factors of 723.
3, 241
List the prime factors of 1818.
2, 3, 101
List the prime factors of 4911.
3, 1637
List the prime factors of 7903.
7, 1129
What are the prime factors of 33061?
7, 4723
What are the prime factors of 726?
2, 3, 11
List the prime factors of 989.
23, 43
List the prime factors of 46520.
2, 5, 1163
What are the prime factors of 47417?
47417
List the prime factors of 5228.
2, 1307
List the prime factors of 2428.
2, 607
List the prime factors of 1013.
1013
What are the prime factors of 430?
2, 5, 43
List the prime factors of 112533.
3, 37511
What are the prime factors of 662?
2, 331
List the prime factors of 1554.
2, 3, 7, 37
What are the prime factors of 8217?
3, 11, 83
List the prime factors of 555.
3, 5, 37
List the prime factors of 28176.
2, 3, 587
List the prime factors of 252.
2, 3, 7
List the prime factors of 1530.
2, 3, 5, 17
List the prime factors of 2044.
2, 7, 73
What are the prime factors of 4790?
2, 5, 479
What are the prime factors of 62631?
3, 6959
What are the prime factors of 9996?
2, 3, 7, 17
List the prime factors of 215.
5, 43
List the prime factors of 1775.
5, 71
List the prime factors of 45084.
2, 3, 13, 17
What are the prime factors of 391?
17, 23
List the prime factors of 7131.
3, 2377
List the prime factors of 6926.
2, 3463
List the prime factors of 35161.
7, 5023
What are the prime factors of 24009?
3, 53, 151
What are the prime factors of 11882?
2, 13, 457
List the prime factors of 684.
2, 3, 19
List the prime factors of 8365.
5, 7, 239
List the prime factors of 49750.
2, 5, 199
What are the prime factors of 231?
3, 7, 11
List the prime factors of 17810.
2, 5, 13, 137
List the prime factors of 36.
2, 3
What are the prime factors of 10512?
2, 3, 73
List the prime factors of 2694.
2, 3, 449
List the prime factors of 2464.
2, 7, 11
List the prime factors of 2716.
2, 7, 97
List the prime factors of 933.
3, 311
List the prime factors of 33364.
2, 19, 439
What are the prime factors of 1723?
1723
List the prime factors of 12861.
3, 1429
List the prime factors of 318.
2, 3, 53
List the prime factors of 1490.
2, 5, 149
What are the prime factors of 22213?
97, 229
What are the prime factors of 3432?
2, 3, 11, 13
What are the prime factors of 1225?
5, 7
List the prime factors of 1035.
3, 5, 23
List the prime factors of 5808.
2, 3, 11
List the prime factors of 7226.
2, 3613
List the prime factors of 117959.
117959
What are the prime factors of 3712?
2, 29
List the prime factors of 56953.
13, 337
List the prime factors of 29451.
3, 9817
List the prime factors of 47539.
137, 347
What are the prime factors of 1161?
3, 43
List the prime factors of 11711.
7, 239
List the prime factors of 32886.
2, 3, 7, 29
List the prime factors of 74494.
2, 7, 17, 313
What are the prime factors of 13068?
2, 3, 11
List the prime factors of 4803.
3, 1601
What are the prime factors of 2164?
2, 541
List the prime factors of 703.
19, 37
What are the prime factors of 20?
2, 5
List the prime factors of 5088.
2, 3, 53
List the prime factors of 14972.
2, 19, 197
List the prime factors of 871.
13, 67
What are the prime factors of 9910?
2, 5, 991
List the prime factors of 15436.
2, 17, 227
What are the prime factors of 222?
2, 3, 37
List the prime factors of 47564.
2, 11, 23, 47
What are the prime factors of 7769?
17, 457
List the prime factors of 37846.
2, 127, 149
List the prime factors of 17561.
17, 1033
List the prime factors of 11426.
2, 29, 197
List the prime factors of 1286.
2, 643
What are the prime factors of 26705?
5, 7, 109
What are the prime factors of 3790?
2, 5, 379
List the prime factors of 4253.
4253
What are the prime factors of 2360?
2, 5, 59
What are the prime factors of 489?
3, 163
What are the prime factors of 180?
2, 3, 5
What are the prime factors of 5711?
5711
What are the prime factors of 7148?
2, 1787
What are the prime factors of 30058?
2, 7, 19, 113
List the prime factors of 897.
3, 13, 23
What are the prime factors of 2959?
11, 269
List the prime factors of 3924.
2, 3, 109
List the prime factors of 72511.
59, 1229
What are the prime factors of 63328?
2, 1979
List the prime factors of 1801.
1801
List the prime factors of 278.
2, 139
What are the prime factors of 5305?
5, 1061
List the prime factors of 2833.
2833
What are the prime factors of 3051?
3, 113
What are the prime factors of 9884?
2, 7, 353
List the prime factors of 7178.
2, 37, 97
What are the prime factors of 33313?
7, 4759
What are the prime factors of 13494?
2, 3, 13, 173
List the prime factors of 25149.
3, 83, 101
What are the prime factors of 9703?
31, 313
List the prime factors of 4221.
3, 7, 67
List the prime factors of 7070.
2, 5, 7, 101
What are the prime factors of 1601?
1601
What are the prime factors of 5703?
3, 1901
What are the prime factors of 223?
223
What are the prime factors of 16115?
5, 11, 293
What are the prime factors of 19195?
5, 11, 349
List the prime factors of 10967.
11, 997
What are the prime factors of 37357?
37357
List the prime factors of 327.
3, 109
List the prime factors of 23795.
5, 4759
List the prime factors of 32271.
3, 31, 347
What are the prime factors of 1024?
2
List the prime factors of 30.
2, 3, 5
What are the prime factors of 580?
2, 5, 29
List the prime factors of 82854.
2, 3, 4603
What are the prime factors of 1266?
2, 3, 211
What are the prime factors of 4887?
3, 181
What are the prime factors of 1364?
2, 11, 31
What are the prime factors of 1184?
2, 37
List the prime factors of 910.
2, 5, 7, 13
What are the prime factors of 7076?
2, 29, 61
List the prime factors of 25311.
3, 11, 13, 59
List the prime factors of 14036.
2, 11, 29
List the prime factors of 3783.
3, 13, 97
What are the prime factors of 2990?
2, 5, 13, 23
What are the prime factors of 44356?
2, 13, 853
What are the prime factors of 8416?
2, 263
List the prime factors of 143685.
3, 5, 31, 103
What are the prime factors of 9178?
2, 13, 353
What are the prime factors of 1790?
2, 5, 179
What are the prime factors of 996?
2, 3, 83
What are the prime factors of 3056?
2, 191
List the prime factors of 5384.
2, 673
What are the prime factors of 674?
2, 337
What are the prime factors of 29344?
2, 7, 131
What are the prime factors of 8632?
2, 13, 83
List the prime factors of 27514.
2, 13757
What are the prime factors of 108426?
2, 3, 17, 1063
List the prime factors of 1568.
2, 7
List the prime factors of 12682.
2, 17, 373
List the prime factors of 25585.
5, 7, 17, 43
What are the prime factors of 18212?
2, 29, 157
What are the prime factors of 19143?
3, 709
What are the prime factors of 383?
383
List the prime factors of 1731.
3, 577
What are the prime factors of 30733?
73, 421
What are the prime factors of 61?
61
What are the prime factors of 1826?
2, 11, 83
List the prime factors of 784.
2, 7
What are the prime factors of 4977?
3, 7, 79
List the prime factors of 72841.
23, 3167
List the prime factors of 2418.
2, 3, 13, 31
List the prime factors of 15920.
2, 5, 199
List the prime factors of 59384.
2, 13, 571
What are the prime factors of 2682?
2, 3, 149
List the prime factors of 55.
5, 11
List the prime factors of 45462.
2, 3, 7577
What are the prime factors of 4909?
4909
What are the prime factors of 157032?
2, 3, 727
What are the prime factors of 9252?
2, 3, 257
What are the prime factors of 954?
2, 3, 53
List the prime factors of 175.
5, 7
What are the prime factors of 4022?
2, 2011
List the prime factors of 16603.
16603
What are the prime factors of 4819?
61, 79
What are the prime factors of 11713?
13, 17, 53
What are the prime factors of 17322?
2, 3, 2887
List the pr